{"id":229,"date":"2025-08-24T10:25:32","date_gmt":"2025-08-24T10:25:32","guid":{"rendered":"https:\/\/drasosmorkos.lt\/?page_id=229"},"modified":"2025-11-15T22:16:07","modified_gmt":"2025-11-15T22:16:07","slug":"kontaktai","status":"publish","type":"page","link":"https:\/\/drasosmorkos.lt\/?page_id=229","title":{"rendered":"Kontaktai"},"content":{"rendered":"\n<iframe src=\"https:\/\/www.google.com\/maps\/embed?pb=!1m18!1m12!1m3!1d2284.313103462109!2d24.254809976395197!3d55.072767844163984!2m3!1f0!2f0!3f0!3m2!1i1024!2i768!4f13.1!3m3!1m2!1s0x46e70f0507307499%3A0x5bc6500365594b71!2sChemik%C5%B3%20g.%208%2C%20Jonava%2C%2055255%20Jonavos%20r.%20sav.!5e0!3m2!1sen!2slt!4v1756031771793!5m2!1sen!2slt\" width=\"600\" height=\"450\" style=\"border:0;\" allowfullscreen=\"\" loading=\"lazy\" referrerpolicy=\"no-referrer-when-downgrade\"><\/iframe>\n\n\n\n<p class=\"has-secondary-color has-text-color has-link-color wp-elements-898f6a26b4eae5e7813e5c2db9c9f245 wp-block-paragraph\">V\u0161\u012e Dr\u0105sos morkos<\/p>\n\n\n\n<p class=\"has-secondary-color has-text-color has-link-color wp-elements-7e5c643f6743d14f26aa96e90fe1cfcc wp-block-paragraph\">\u012em. kodas: 304628354<\/p>\n\n\n\n<p class=\"has-secondary-color has-text-color has-link-color wp-elements-bd9dae06369e1413ab903f06051cc5d5 wp-block-paragraph\">Chemik\u0173 8-103, Jonava<\/p>\n\n\n\n<p class=\"has-secondary-color has-text-color has-link-color wp-elements-e9489018390a3e04d54245e49f5c9e07 wp-block-paragraph\">\ud83d\udce9 <a>drasosmorkos@gmail.com<\/a> <\/p>\n\n\n\n<p class=\"has-secondary-color has-text-color has-link-color wp-elements-25d485d111eb624744c357094bf74fc1 wp-block-paragraph\">\ud83d\udcde +370 655 49169<\/p>\n\n\n\n<p class=\"wp-block-paragraph\"><\/p>\n","protected":false},"excerpt":{"rendered":"<p>V\u0161\u012e Dr\u0105sos morkos \u012em. kodas: 304628354 Chemik\u0173 8-103, Jonava \ud83d\udce9 drasosmorkos@gmail.com \ud83d\udcde +370 655 49169<\/p>\n","protected":false},"author":1,"featured_media":0,"parent":0,"menu_order":0,"comment_status":"closed","ping_status":"closed","template":"","meta":{"_crdt_document":"","footnotes":""},"class_list":["post-229","page","type-page","status-publish","hentry"],"yoast_head":"<!-- This site is optimized with the Yoast SEO plugin v26.4 - https:\/\/yoast.com\/wordpress\/plugins\/seo\/ -->\n<title>Kontaktai - Dr\u0105sos morkos<\/title>\n<meta name=\"description\" content=\"Susisiekite d\u0117l angl\u0173 ir vokie\u010di\u0173 kalbos mokym\u0173 ar pokalbi\u0173 klub\u0173: drasosmorkos@gmail.com | +370 655 49169. Kalb\u0117kime dr\u0105siai!\" \/>\n<meta name=\"robots\" content=\"index, follow, max-snippet:-1, max-image-preview:large, max-video-preview:-1\" \/>\n<link rel=\"canonical\" href=\"https:\/\/drasosmorkos.lt\/?page_id=229\" \/>\n<meta property=\"og:locale\" content=\"lt_LT\" \/>\n<meta property=\"og:type\" content=\"article\" \/>\n<meta property=\"og:title\" content=\"Kontaktai - Dr\u0105sos morkos\" \/>\n<meta property=\"og:description\" content=\"Susisiekite d\u0117l angl\u0173 ir vokie\u010di\u0173 kalbos mokym\u0173 ar pokalbi\u0173 klub\u0173: drasosmorkos@gmail.com | +370 655 49169. Kalb\u0117kime dr\u0105siai!\" \/>\n<meta property=\"og:url\" content=\"https:\/\/drasosmorkos.lt\/?page_id=229\" \/>\n<meta property=\"og:site_name\" content=\"Dr\u0105sos morkos\" \/>\n<meta property=\"article:publisher\" content=\"https:\/\/www.facebook.com\/drasosmorkos\/\" \/>\n<meta property=\"article:modified_time\" content=\"2025-11-15T22:16:07+00:00\" \/>\n<meta name=\"twitter:card\" content=\"summary_large_image\" \/>\n<meta name=\"twitter:label1\" content=\"Est. reading time\" \/>\n\t<meta name=\"twitter:data1\" content=\"1 minut\u0117\" \/>\n<script type=\"application\/ld+json\" class=\"yoast-schema-graph\">{\"@context\":\"https:\/\/schema.org\",\"@graph\":[{\"@type\":\"WebPage\",\"@id\":\"https:\/\/drasosmorkos.lt\/?page_id=229\",\"url\":\"https:\/\/drasosmorkos.lt\/?page_id=229\",\"name\":\"Kontaktai - Dr\u0105sos morkos\",\"isPartOf\":{\"@id\":\"https:\/\/drasosmorkos.lt\/#website\"},\"datePublished\":\"2025-08-24T10:25:32+00:00\",\"dateModified\":\"2025-11-15T22:16:07+00:00\",\"description\":\"Susisiekite d\u0117l angl\u0173 ir vokie\u010di\u0173 kalbos mokym\u0173 ar pokalbi\u0173 klub\u0173: drasosmorkos@gmail.com | +370 655 49169. Kalb\u0117kime dr\u0105siai!\",\"breadcrumb\":{\"@id\":\"https:\/\/drasosmorkos.lt\/?page_id=229#breadcrumb\"},\"inLanguage\":\"lt-LT\",\"potentialAction\":[{\"@type\":\"ReadAction\",\"target\":[\"https:\/\/drasosmorkos.lt\/?page_id=229\"]}]},{\"@type\":\"BreadcrumbList\",\"@id\":\"https:\/\/drasosmorkos.lt\/?page_id=229#breadcrumb\",\"itemListElement\":[{\"@type\":\"ListItem\",\"position\":1,\"name\":\"Home\",\"item\":\"https:\/\/drasosmorkos.lt\/\"},{\"@type\":\"ListItem\",\"position\":2,\"name\":\"Kontaktai\"}]},{\"@type\":\"WebSite\",\"@id\":\"https:\/\/drasosmorkos.lt\/#website\",\"url\":\"https:\/\/drasosmorkos.lt\/\",\"name\":\"Dr\u0105sos morkos\",\"description\":\"Angl\u0173 kalbos pokalbi\u0173 klubas Jonavoje\",\"publisher\":{\"@id\":\"https:\/\/drasosmorkos.lt\/#organization\"},\"potentialAction\":[{\"@type\":\"SearchAction\",\"target\":{\"@type\":\"EntryPoint\",\"urlTemplate\":\"https:\/\/drasosmorkos.lt\/?s={search_term_string}\"},\"query-input\":{\"@type\":\"PropertyValueSpecification\",\"valueRequired\":true,\"valueName\":\"search_term_string\"}}],\"inLanguage\":\"lt-LT\"},{\"@type\":\"Organization\",\"@id\":\"https:\/\/drasosmorkos.lt\/#organization\",\"name\":\"Dr\u0105sos morkos\",\"url\":\"https:\/\/drasosmorkos.lt\/\",\"logo\":{\"@type\":\"ImageObject\",\"inLanguage\":\"lt-LT\",\"@id\":\"https:\/\/drasosmorkos.lt\/#\/schema\/logo\/image\/\",\"url\":\"https:\/\/drasosmorkos.lt\/wp-content\/uploads\/2025\/11\/Drasos-morkos_logotipas_galutinis-variantas-4.png\",\"contentUrl\":\"https:\/\/drasosmorkos.lt\/wp-content\/uploads\/2025\/11\/Drasos-morkos_logotipas_galutinis-variantas-4.png\",\"width\":500,\"height\":500,\"caption\":\"Dr\u0105sos morkos\"},\"image\":{\"@id\":\"https:\/\/drasosmorkos.lt\/#\/schema\/logo\/image\/\"},\"sameAs\":[\"https:\/\/www.facebook.com\/drasosmorkos\/\",\"https:\/\/www.instagram.com\/drasosmorkos\/\"]}]}<\/script>\n<!-- \/ Yoast SEO plugin. -->","yoast_head_json":{"title":"Kontaktai - Dr\u0105sos morkos","description":"Susisiekite d\u0117l angl\u0173 ir vokie\u010di\u0173 kalbos mokym\u0173 ar pokalbi\u0173 klub\u0173: drasosmorkos@gmail.com | +370 655 49169. Kalb\u0117kime dr\u0105siai!","robots":{"index":"index","follow":"follow","max-snippet":"max-snippet:-1","max-image-preview":"max-image-preview:large","max-video-preview":"max-video-preview:-1"},"canonical":"https:\/\/drasosmorkos.lt\/?page_id=229","og_locale":"lt_LT","og_type":"article","og_title":"Kontaktai - Dr\u0105sos morkos","og_description":"Susisiekite d\u0117l angl\u0173 ir vokie\u010di\u0173 kalbos mokym\u0173 ar pokalbi\u0173 klub\u0173: drasosmorkos@gmail.com | +370 655 49169. Kalb\u0117kime dr\u0105siai!","og_url":"https:\/\/drasosmorkos.lt\/?page_id=229","og_site_name":"Dr\u0105sos morkos","article_publisher":"https:\/\/www.facebook.com\/drasosmorkos\/","article_modified_time":"2025-11-15T22:16:07+00:00","twitter_card":"summary_large_image","twitter_misc":{"Est. reading time":"1 minut\u0117"},"schema":{"@context":"https:\/\/schema.org","@graph":[{"@type":"WebPage","@id":"https:\/\/drasosmorkos.lt\/?page_id=229","url":"https:\/\/drasosmorkos.lt\/?page_id=229","name":"Kontaktai - Dr\u0105sos morkos","isPartOf":{"@id":"https:\/\/drasosmorkos.lt\/#website"},"datePublished":"2025-08-24T10:25:32+00:00","dateModified":"2025-11-15T22:16:07+00:00","description":"Susisiekite d\u0117l angl\u0173 ir vokie\u010di\u0173 kalbos mokym\u0173 ar pokalbi\u0173 klub\u0173: drasosmorkos@gmail.com | +370 655 49169. Kalb\u0117kime dr\u0105siai!","breadcrumb":{"@id":"https:\/\/drasosmorkos.lt\/?page_id=229#breadcrumb"},"inLanguage":"lt-LT","potentialAction":[{"@type":"ReadAction","target":["https:\/\/drasosmorkos.lt\/?page_id=229"]}]},{"@type":"BreadcrumbList","@id":"https:\/\/drasosmorkos.lt\/?page_id=229#breadcrumb","itemListElement":[{"@type":"ListItem","position":1,"name":"Home","item":"https:\/\/drasosmorkos.lt\/"},{"@type":"ListItem","position":2,"name":"Kontaktai"}]},{"@type":"WebSite","@id":"https:\/\/drasosmorkos.lt\/#website","url":"https:\/\/drasosmorkos.lt\/","name":"Dr\u0105sos morkos","description":"Angl\u0173 kalbos pokalbi\u0173 klubas Jonavoje","publisher":{"@id":"https:\/\/drasosmorkos.lt\/#organization"},"potentialAction":[{"@type":"SearchAction","target":{"@type":"EntryPoint","urlTemplate":"https:\/\/drasosmorkos.lt\/?s={search_term_string}"},"query-input":{"@type":"PropertyValueSpecification","valueRequired":true,"valueName":"search_term_string"}}],"inLanguage":"lt-LT"},{"@type":"Organization","@id":"https:\/\/drasosmorkos.lt\/#organization","name":"Dr\u0105sos morkos","url":"https:\/\/drasosmorkos.lt\/","logo":{"@type":"ImageObject","inLanguage":"lt-LT","@id":"https:\/\/drasosmorkos.lt\/#\/schema\/logo\/image\/","url":"https:\/\/drasosmorkos.lt\/wp-content\/uploads\/2025\/11\/Drasos-morkos_logotipas_galutinis-variantas-4.png","contentUrl":"https:\/\/drasosmorkos.lt\/wp-content\/uploads\/2025\/11\/Drasos-morkos_logotipas_galutinis-variantas-4.png","width":500,"height":500,"caption":"Dr\u0105sos morkos"},"image":{"@id":"https:\/\/drasosmorkos.lt\/#\/schema\/logo\/image\/"},"sameAs":["https:\/\/www.facebook.com\/drasosmorkos\/","https:\/\/www.instagram.com\/drasosmorkos\/"]}]}},"_hostinger_reach_plugin_has_subscription_block":false,"_hostinger_reach_plugin_is_elementor":false,"_links":{"self":[{"href":"https:\/\/drasosmorkos.lt\/index.php?rest_route=\/wp\/v2\/pages\/229","targetHints":{"allow":["GET"]}}],"collection":[{"href":"https:\/\/drasosmorkos.lt\/index.php?rest_route=\/wp\/v2\/pages"}],"about":[{"href":"https:\/\/drasosmorkos.lt\/index.php?rest_route=\/wp\/v2\/types\/page"}],"author":[{"embeddable":true,"href":"https:\/\/drasosmorkos.lt\/index.php?rest_route=\/wp\/v2\/users\/1"}],"replies":[{"embeddable":true,"href":"https:\/\/drasosmorkos.lt\/index.php?rest_route=%2Fwp%2Fv2%2Fcomments&post=229"}],"version-history":[{"count":5,"href":"https:\/\/drasosmorkos.lt\/index.php?rest_route=\/wp\/v2\/pages\/229\/revisions"}],"predecessor-version":[{"id":506,"href":"https:\/\/drasosmorkos.lt\/index.php?rest_route=\/wp\/v2\/pages\/229\/revisions\/506"}],"wp:attachment":[{"href":"https:\/\/drasosmorkos.lt\/index.php?rest_route=%2Fwp%2Fv2%2Fmedia&parent=229"}],"curies":[{"name":"wp","href":"https:\/\/api.w.org\/{rel}","templated":true}]}}