{"id":867,"date":"2026-02-05T12:01:00","date_gmt":"2026-02-05T12:01:00","guid":{"rendered":"https:\/\/drasosmorkos.lt\/?page_id=867"},"modified":"2026-04-19T19:54:43","modified_gmt":"2026-04-19T19:54:43","slug":"registracija-i-bandomaji-uzsiemima","status":"publish","type":"page","link":"https:\/\/drasosmorkos.lt\/?page_id=867","title":{"rendered":"Registracija \u012f bandom\u0105j\u012f u\u017esi\u0117mim\u0105"},"content":{"rendered":"<style id=\"wpforms-css-vars-864\">\n\t\t\t\t#wpforms-864 {\n\t\t\t\t--wpforms-container-padding: 0px;\n--wpforms-container-border-width: 1px;\n--wpforms-container-border-radius: 3px;\n--wpforms-background-color: rgba(0, 0, 0, 0);\n--wpforms-field-size-input-height: 43px;\n--wpforms-field-size-input-spacing: 15px;\n--wpforms-field-size-font-size: 16px;\n--wpforms-field-size-line-height: 19px;\n--wpforms-field-size-padding-h: 14px;\n--wpforms-field-size-checkbox-size: 16px;\n--wpforms-field-size-sublabel-spacing: 5px;\n--wpforms-field-size-icon-size: 1;\n--wpforms-label-size-font-size: 16px;\n--wpforms-label-size-line-height: 19px;\n--wpforms-label-size-sublabel-font-size: 14px;\n--wpforms-label-size-sublabel-line-height: 17px;\n--wpforms-button-size-font-size: 17px;\n--wpforms-button-size-height: 41px;\n--wpforms-button-size-padding-h: 15px;\n--wpforms-button-size-margin-top: 10px;\n--wpforms-container-shadow-size-box-shadow: none;\n\t\t\t}\n\t\t\t<\/style><div class=\"wpforms-container wpforms-container-full wpforms-render-modern\" id=\"wpforms-864\"><form id=\"wpforms-form-864\" class=\"wpforms-validate wpforms-form wpforms-ajax-form\" data-formid=\"864\" method=\"post\" enctype=\"multipart\/form-data\" action=\"\/index.php?rest_route=%2Fwp%2Fv2%2Fpages%2F867\" data-token=\"8f7ff252e93fbf8a2590275d20a00e3f\" data-token-time=\"1778674617\"><noscript class=\"wpforms-error-noscript\">Please enable JavaScript in your browser to complete this form.<\/noscript><div id=\"wpforms-error-noscript\" style=\"display: none;\">Please enable JavaScript in your browser to complete this form.<\/div><div class=\"wpforms-field-container\"><div id=\"wpforms-864-field_1-container\" class=\"wpforms-field wpforms-field-name\" data-field-id=\"1\"><label class=\"wpforms-field-label\" for=\"wpforms-864-field_1\">Vardas <span class=\"wpforms-required-label\" aria-hidden=\"true\">*<\/span><\/label><input type=\"text\" id=\"wpforms-864-field_1\" class=\"wpforms-field-small wpforms-field-required\" name=\"wpforms[fields][1]\" aria-errormessage=\"wpforms-864-field_1-error\" required><\/div><div id=\"wpforms-864-field_5-container\" class=\"wpforms-field wpforms-field-email\" data-field-id=\"5\"><label class=\"wpforms-field-label\" for=\"wpforms-864-field_5\">J\u016bs\u0173 el.pa\u0161tas <span class=\"wpforms-required-label\" aria-hidden=\"true\">*<\/span><\/label><input type=\"email\" id=\"wpforms-864-field_5\" class=\"wpforms-field-small wpforms-field-required\" name=\"wpforms[fields][5]\" spellcheck=\"false\" aria-errormessage=\"wpforms-864-field_5-error\" required><\/div><div id=\"wpforms-864-field_6-container\" class=\"wpforms-field wpforms-field-email\" data-field-id=\"6\"><label class=\"wpforms-field-label\" for=\"wpforms-864-field_6\">Pakartokite savo el.pa\u0161t\u0105 <span class=\"wpforms-required-label\" aria-hidden=\"true\">*<\/span><\/label><input type=\"email\" id=\"wpforms-864-field_6\" class=\"wpforms-field-small wpforms-field-required\" name=\"wpforms[fields][6]\" spellcheck=\"false\" aria-errormessage=\"wpforms-864-field_6-error\" required><\/div>\t\t<div id=\"wpforms-864-field_2-container\"\n\t\t\tclass=\"wpforms-field wpforms-field-text\"\n\t\t\tdata-field-type=\"text\"\n\t\t\tdata-field-id=\"2\"\n\t\t\t>\n\t\t\t<label class=\"wpforms-field-label\" for=\"wpforms-864-field_2\" >Vardas naudojimas el.pa\u0161t\u0105<\/label>\n\t\t\t<input type=\"text\" id=\"wpforms-864-field_2\" class=\"wpforms-field-medium\" name=\"wpforms[fields][2]\" >\n\t\t<\/div>\n\t\t<div id=\"wpforms-864-field_3-container\" class=\"wpforms-field wpforms-field-textarea\" data-field-id=\"3\"><label class=\"wpforms-field-label\" for=\"wpforms-864-field_3\">Angl\u0173 kalbos \u017einios ir j\u0173 naudojimas (trumpai apra\u0161ykite) <span class=\"wpforms-required-label\" aria-hidden=\"true\">*<\/span><\/label><textarea id=\"wpforms-864-field_3\" class=\"wpforms-field-small wpforms-field-required\" name=\"wpforms[fields][3]\" aria-errormessage=\"wpforms-864-field_3-error\" required><\/textarea><\/div><script>\n\t\t\t\t( function() {\n\t\t\t\t\tconst style = document.createElement( 'style' );\n\t\t\t\t\tstyle.appendChild( document.createTextNode( '#wpforms-864-field_2-container { position: absolute !important; overflow: hidden !important; display: inline !important; height: 1px !important; width: 1px !important; z-index: -1000 !important; padding: 0 !important; } #wpforms-864-field_2-container input { visibility: hidden; } #wpforms-conversational-form-page #wpforms-864-field_2-container label { counter-increment: none; }' ) );\n\t\t\t\t\tdocument.head.appendChild( style );\n\t\t\t\t\tdocument.currentScript?.remove();\n\t\t\t\t} )();\n\t\t\t<\/script><\/div><!-- .wpforms-field-container --><div class=\"wpforms-submit-container\" ><input type=\"hidden\" name=\"wpforms[id]\" value=\"864\"><input type=\"hidden\" name=\"page_title\" value=\"\"><input type=\"hidden\" name=\"page_url\" value=\"https:\/\/drasosmorkos.lt\/index.php?rest_route=\/wp\/v2\/pages\/867\"><input type=\"hidden\" name=\"url_referer\" value=\"\"><button type=\"submit\" name=\"wpforms[submit]\" id=\"wpforms-submit-864\" class=\"wpforms-submit\" data-alt-text=\"Siun\u010diama\" data-submit-text=\"Pateikti\" aria-live=\"assertive\" value=\"wpforms-submit\">Pateikti<\/button><img loading=\"lazy\" decoding=\"async\" src=\"https:\/\/drasosmorkos.lt\/wp-content\/plugins\/wpforms-lite\/assets\/images\/submit-spin.svg\" class=\"wpforms-submit-spinner\" style=\"display: none;\" width=\"26\" height=\"26\" alt=\"Loading\"><\/div><\/form><\/div>  <!-- .wpforms-container -->\n\n\n\n<p class=\"has-white-color has-text-color has-link-color wp-elements-6692a5f83f289aeccdd6790edd59fa9d wp-block-paragraph\">angl\u0173 kalbos mokymai suaugusiems ir moksleiviams, angl\u0173 kalbos pokalbi\u0173 klubas jonavoje<\/p>\n\n\n\n<p class=\"wp-block-paragraph\"><\/p>\n","protected":false},"excerpt":{"rendered":"<p>angl\u0173 kalbos mokymai suaugusiems ir moksleiviams, angl\u0173 kalbos pokalbi\u0173 klubas jonavoje<\/p>\n","protected":false},"author":1,"featured_media":0,"parent":0,"menu_order":0,"comment_status":"closed","ping_status":"closed","template":"","meta":{"_crdt_document":"{\"document\":\"AAAGzK+h\/RU0NAiGAaYCDAKEAQQCAQIKAEoAEgECCgEASgIKFAYgApoBBhQC9AIASpwDAQEIAQBIxgUMAjYEtgMMAkEoAycABAAnAAQAhAInACgEJwAoACcABwAoAycAKAEnAIcAKAMnASgBJwAoAagABACEBygBhwAoAicBKAEnAMQChNMIgQhzdGF0ZXZlcnNpb25kb2N1bWVudGRhdGVkb2N1bWVudHNsdWdkb2N1bWVudHN0YXR1c2RvY3VtZW50dGl0bGVSZWdpc3RyYWNpamEgxK8gYmFuZG9txIVqxK8gdcW+c2nEl21pbcSFZG9jdW1lbnRjb250ZW50PCEtLSB3cDpzaG9ydGNvZGUgLS0+Clt3cGZvcm1zIGlkPSI4NjQiXQo8IS0tIC93cDpzaG9ydGNvZGUgLS0+Cgo8IS0tIHdwOnBhcmFncmFwaCAtLT4KPHA+PC9wPgo8IS0tIC93cDpwYXJhZ3JhcGggLS0+ZG9jdW1lbnRleGNlcnB0ZG9jdW1lbnRhdXRob3Jkb2N1bWVudGZlYXR1cmVkX21lZGlhZG9jdW1lbnRjb21tZW50X3N0YXR1c2RvY3VtZW50cGluZ19zdGF0dXNkb2N1bWVudHRlbXBsYXRlZG9jdW1lbnRtZXRhZm9vdG5vdGVzZG9jdW1lbnRibG9ja3NjbGllbnRJZGlzVmFsaWRvcmlnaW5hbENvbnRlbnRuYW1lYXR0cmlidXRlc3RleHRvcGVuUG9wdXBJZGlubmVyQmxvY2tzY2xpZW50SWRpc1ZhbGlkb3JpZ2luYWxDb250ZW50bmFtZWF0dHJpYnV0ZXNjb250ZW50ZHJvcENhcG9wZW5Qb3B1cElkaW5uZXJCbG9ja3NzdGF0ZXNhdmVkQXRzdGF0ZXNhdmVkQnlhbmdsxavFs2HFsyBrYWxib3MgbW9reW1haSwgc3VhdWd1c2llbXMgaXIgbW9rc2xlaXZpYW1zLCBhbmdsxbMga2FsYm9zIHBvamFsa2FsYmnFsyBrbHV5YmFzIGpvbmF2b2plc3R5bGV0ZXh0Q29sb3JjbGllbnRJZGlzVmFsaWRuYW1lYXR0cmlidXRlc2NvbnRlbnRkcm9wQ2Fwb3BlblBvcHVwSWRpbm5lckJsb2Nrc3sic3R5bGUiOnsiZWxlbWVudHMiOnsibGluayI6eyJjb2xvciI6eyJ0ZXh0IjoidmFyOnByZXNldHxjb2xvcnx3aGl0ZSJ9fX19LCJ0ZXh0Q29sb3IiOiJ3aGl0ZSJ9ICBjbGFzcz0iaGFzLXdoaXRlLWNvbG9yIGhhcy10ZXh0LWNvbG9yIGhhcy1saW5rLWNvbG9yImFuZ2zFsyBrYWxib3MgbW9reW1haSBzdWF1Z3VzaWVtcyBpciBtb2tzbGVpdmlhbXMsIGFuZ2zFsyBrYWxib3MgcG9rYWxiacWzIGtsdWJhcyBqb25hdm9qZQoKPCEtLSB3cDpwYXJhZ3JhcGggLS0+CjxwPjwvcD4KPCEtLSAvd3A6cGFyYWdyYXBoIC0tPgUHCAQIBAgGCAUiCAeTAQYBGwgHCAYIDggOCAtIAQQJCAYIBw8ECgRLAAgHDwQKRwBLAAUHBQcEAxABLQMKAQwFCQgHBApHAEsAoAE2lwE2EwEEAAABAAAAAQYAAAEAABEBAQAPQgEBAEEAAEEAAgBBAAIAAkEeAUIAfQF3EzIwMjYtMDItMDVUMTI6MDE6MDB3InJlZ2lzdHJhY2lqYS1pLWJhbmRvbWFqaS11enNpZW1pbWF3B3B1Ymxpc2h9AX0AdwZjbG9zZWR3BmNsb3NlZHcAdwB3JDQ0NjJhYmM2LWM4NGMtNDQ0NS05Yzk0LTI2ZWRlMmUxYzY4MHh3Elt3cGZvcm1zIGlkPSI4NjQiXXcOY29yZS9zaG9ydGNvZGV3Elt3cGZvcm1zIGlkPSI4NjQiXXcAdyRjM2NiZjljOC0zODU4LTQ1ZWMtYTAyZS04NTUxMDMwN2RkMDB4dwc8cD48L3A+dw5jb3JlL3BhcmFncmFwaHl3AHtCedp06nlAAHtB5fqFeYAAAHckZjkzN2Y2NTUtOWExZC00NmQ1LTk3OWMtMGFlMTA2OGJkYzg4dgEIZWxlbWVudHN2AQRsaW5rdgEFY29sb3J2AQR0ZXh0dxZ2YXI6cHJlc2V0fGNvbG9yfHdoaXRldwV3aGl0ZXckYjAyYzU0MmQtNGZiYy00NzgzLWFjOTUtMjIzNjBiZDkxNzZkeHcOY29yZS9wYXJhZ3JhcGh5dwABzNfQ\/goFsAEADwIQAC0CCgA=\",\"updateId\":956676688}","footnotes":""},"class_list":["post-867","page","type-page","status-publish","hentry"],"yoast_head":"<!-- This site is optimized with the Yoast SEO plugin v26.4 - https:\/\/yoast.com\/wordpress\/plugins\/seo\/ -->\n<title>Registracija \u012f bandom\u0105j\u012f u\u017esi\u0117mim\u0105 - Dr\u0105sos morkos<\/title>\n<meta name=\"robots\" content=\"index, follow, max-snippet:-1, max-image-preview:large, max-video-preview:-1\" \/>\n<link rel=\"canonical\" href=\"https:\/\/drasosmorkos.lt\/?page_id=867\" \/>\n<meta property=\"og:locale\" content=\"lt_LT\" \/>\n<meta property=\"og:type\" content=\"article\" \/>\n<meta property=\"og:title\" content=\"Registracija \u012f bandom\u0105j\u012f u\u017esi\u0117mim\u0105 - Dr\u0105sos morkos\" \/>\n<meta property=\"og:description\" content=\"angl\u0173 kalbos mokymai suaugusiems ir moksleiviams, angl\u0173 kalbos pokalbi\u0173 klubas jonavoje\" \/>\n<meta property=\"og:url\" content=\"https:\/\/drasosmorkos.lt\/?page_id=867\" \/>\n<meta property=\"og:site_name\" content=\"Dr\u0105sos morkos\" \/>\n<meta property=\"article:publisher\" content=\"https:\/\/www.facebook.com\/drasosmorkos\/\" \/>\n<meta property=\"article:modified_time\" content=\"2026-04-19T19:54:43+00:00\" \/>\n<meta name=\"twitter:card\" content=\"summary_large_image\" \/>\n<meta name=\"twitter:label1\" content=\"Est. reading time\" \/>\n\t<meta name=\"twitter:data1\" content=\"1 minut\u0117\" \/>\n<script type=\"application\/ld+json\" class=\"yoast-schema-graph\">{\"@context\":\"https:\/\/schema.org\",\"@graph\":[{\"@type\":\"WebPage\",\"@id\":\"https:\/\/drasosmorkos.lt\/?page_id=867\",\"url\":\"https:\/\/drasosmorkos.lt\/?page_id=867\",\"name\":\"Registracija \u012f bandom\u0105j\u012f u\u017esi\u0117mim\u0105 - Dr\u0105sos morkos\",\"isPartOf\":{\"@id\":\"https:\/\/drasosmorkos.lt\/#website\"},\"datePublished\":\"2026-02-05T12:01:00+00:00\",\"dateModified\":\"2026-04-19T19:54:43+00:00\",\"breadcrumb\":{\"@id\":\"https:\/\/drasosmorkos.lt\/?page_id=867#breadcrumb\"},\"inLanguage\":\"lt-LT\",\"potentialAction\":[{\"@type\":\"ReadAction\",\"target\":[\"https:\/\/drasosmorkos.lt\/?page_id=867\"]}]},{\"@type\":\"BreadcrumbList\",\"@id\":\"https:\/\/drasosmorkos.lt\/?page_id=867#breadcrumb\",\"itemListElement\":[{\"@type\":\"ListItem\",\"position\":1,\"name\":\"Home\",\"item\":\"https:\/\/drasosmorkos.lt\/\"},{\"@type\":\"ListItem\",\"position\":2,\"name\":\"Registracija \u012f bandom\u0105j\u012f u\u017esi\u0117mim\u0105\"}]},{\"@type\":\"WebSite\",\"@id\":\"https:\/\/drasosmorkos.lt\/#website\",\"url\":\"https:\/\/drasosmorkos.lt\/\",\"name\":\"Dr\u0105sos morkos\",\"description\":\"Angl\u0173 kalbos pokalbi\u0173 klubas Jonavoje\",\"publisher\":{\"@id\":\"https:\/\/drasosmorkos.lt\/#organization\"},\"potentialAction\":[{\"@type\":\"SearchAction\",\"target\":{\"@type\":\"EntryPoint\",\"urlTemplate\":\"https:\/\/drasosmorkos.lt\/?s={search_term_string}\"},\"query-input\":{\"@type\":\"PropertyValueSpecification\",\"valueRequired\":true,\"valueName\":\"search_term_string\"}}],\"inLanguage\":\"lt-LT\"},{\"@type\":\"Organization\",\"@id\":\"https:\/\/drasosmorkos.lt\/#organization\",\"name\":\"Dr\u0105sos morkos\",\"url\":\"https:\/\/drasosmorkos.lt\/\",\"logo\":{\"@type\":\"ImageObject\",\"inLanguage\":\"lt-LT\",\"@id\":\"https:\/\/drasosmorkos.lt\/#\/schema\/logo\/image\/\",\"url\":\"https:\/\/drasosmorkos.lt\/wp-content\/uploads\/2025\/11\/Drasos-morkos_logotipas_galutinis-variantas-4.png\",\"contentUrl\":\"https:\/\/drasosmorkos.lt\/wp-content\/uploads\/2025\/11\/Drasos-morkos_logotipas_galutinis-variantas-4.png\",\"width\":500,\"height\":500,\"caption\":\"Dr\u0105sos morkos\"},\"image\":{\"@id\":\"https:\/\/drasosmorkos.lt\/#\/schema\/logo\/image\/\"},\"sameAs\":[\"https:\/\/www.facebook.com\/drasosmorkos\/\",\"https:\/\/www.instagram.com\/drasosmorkos\/\"]}]}<\/script>\n<!-- \/ Yoast SEO plugin. -->","yoast_head_json":{"title":"Registracija \u012f bandom\u0105j\u012f u\u017esi\u0117mim\u0105 - Dr\u0105sos morkos","robots":{"index":"index","follow":"follow","max-snippet":"max-snippet:-1","max-image-preview":"max-image-preview:large","max-video-preview":"max-video-preview:-1"},"canonical":"https:\/\/drasosmorkos.lt\/?page_id=867","og_locale":"lt_LT","og_type":"article","og_title":"Registracija \u012f bandom\u0105j\u012f u\u017esi\u0117mim\u0105 - Dr\u0105sos morkos","og_description":"angl\u0173 kalbos mokymai suaugusiems ir moksleiviams, angl\u0173 kalbos pokalbi\u0173 klubas jonavoje","og_url":"https:\/\/drasosmorkos.lt\/?page_id=867","og_site_name":"Dr\u0105sos morkos","article_publisher":"https:\/\/www.facebook.com\/drasosmorkos\/","article_modified_time":"2026-04-19T19:54:43+00:00","twitter_card":"summary_large_image","twitter_misc":{"Est. reading time":"1 minut\u0117"},"schema":{"@context":"https:\/\/schema.org","@graph":[{"@type":"WebPage","@id":"https:\/\/drasosmorkos.lt\/?page_id=867","url":"https:\/\/drasosmorkos.lt\/?page_id=867","name":"Registracija \u012f bandom\u0105j\u012f u\u017esi\u0117mim\u0105 - Dr\u0105sos morkos","isPartOf":{"@id":"https:\/\/drasosmorkos.lt\/#website"},"datePublished":"2026-02-05T12:01:00+00:00","dateModified":"2026-04-19T19:54:43+00:00","breadcrumb":{"@id":"https:\/\/drasosmorkos.lt\/?page_id=867#breadcrumb"},"inLanguage":"lt-LT","potentialAction":[{"@type":"ReadAction","target":["https:\/\/drasosmorkos.lt\/?page_id=867"]}]},{"@type":"BreadcrumbList","@id":"https:\/\/drasosmorkos.lt\/?page_id=867#breadcrumb","itemListElement":[{"@type":"ListItem","position":1,"name":"Home","item":"https:\/\/drasosmorkos.lt\/"},{"@type":"ListItem","position":2,"name":"Registracija \u012f bandom\u0105j\u012f u\u017esi\u0117mim\u0105"}]},{"@type":"WebSite","@id":"https:\/\/drasosmorkos.lt\/#website","url":"https:\/\/drasosmorkos.lt\/","name":"Dr\u0105sos morkos","description":"Angl\u0173 kalbos pokalbi\u0173 klubas Jonavoje","publisher":{"@id":"https:\/\/drasosmorkos.lt\/#organization"},"potentialAction":[{"@type":"SearchAction","target":{"@type":"EntryPoint","urlTemplate":"https:\/\/drasosmorkos.lt\/?s={search_term_string}"},"query-input":{"@type":"PropertyValueSpecification","valueRequired":true,"valueName":"search_term_string"}}],"inLanguage":"lt-LT"},{"@type":"Organization","@id":"https:\/\/drasosmorkos.lt\/#organization","name":"Dr\u0105sos morkos","url":"https:\/\/drasosmorkos.lt\/","logo":{"@type":"ImageObject","inLanguage":"lt-LT","@id":"https:\/\/drasosmorkos.lt\/#\/schema\/logo\/image\/","url":"https:\/\/drasosmorkos.lt\/wp-content\/uploads\/2025\/11\/Drasos-morkos_logotipas_galutinis-variantas-4.png","contentUrl":"https:\/\/drasosmorkos.lt\/wp-content\/uploads\/2025\/11\/Drasos-morkos_logotipas_galutinis-variantas-4.png","width":500,"height":500,"caption":"Dr\u0105sos morkos"},"image":{"@id":"https:\/\/drasosmorkos.lt\/#\/schema\/logo\/image\/"},"sameAs":["https:\/\/www.facebook.com\/drasosmorkos\/","https:\/\/www.instagram.com\/drasosmorkos\/"]}]}},"_hostinger_reach_plugin_has_subscription_block":false,"_hostinger_reach_plugin_is_elementor":false,"_links":{"self":[{"href":"https:\/\/drasosmorkos.lt\/index.php?rest_route=\/wp\/v2\/pages\/867","targetHints":{"allow":["GET"]}}],"collection":[{"href":"https:\/\/drasosmorkos.lt\/index.php?rest_route=\/wp\/v2\/pages"}],"about":[{"href":"https:\/\/drasosmorkos.lt\/index.php?rest_route=\/wp\/v2\/types\/page"}],"author":[{"embeddable":true,"href":"https:\/\/drasosmorkos.lt\/index.php?rest_route=\/wp\/v2\/users\/1"}],"replies":[{"embeddable":true,"href":"https:\/\/drasosmorkos.lt\/index.php?rest_route=%2Fwp%2Fv2%2Fcomments&post=867"}],"version-history":[{"count":6,"href":"https:\/\/drasosmorkos.lt\/index.php?rest_route=\/wp\/v2\/pages\/867\/revisions"}],"predecessor-version":[{"id":1067,"href":"https:\/\/drasosmorkos.lt\/index.php?rest_route=\/wp\/v2\/pages\/867\/revisions\/1067"}],"wp:attachment":[{"href":"https:\/\/drasosmorkos.lt\/index.php?rest_route=%2Fwp%2Fv2%2Fmedia&parent=867"}],"curies":[{"name":"wp","href":"https:\/\/api.w.org\/{rel}","templated":true}]}}